 List the prime factors of k.
3, 31
Let l(c) = 3*c**2 + 2*c + 4. Suppose -44 = -5*f - 4. List the prime factors of l(f).
2, 53
Let b be ((-2 - 0)/2 - 0)*-1. List the prime factors of -3 + b*85 + 6/6.
83
What are the prime factors of (13/11 - 1) + (-23340)/(-132)?
3, 59
Suppose -3*r + 0 + 3 = -3*u, -3 = r - 3*u. Suppose 5*k = 20, 0 = r*s - 4*s - 4*k + 84. What are the prime factors of s?
2, 17
Suppose 0 = 5*l + n - 4467, 0*l + 2*n = l - 889. Let d = l - 599. List the prime factors of d.
2, 3, 7
Suppose 2*h - 626 = 594. List the prime factors of h.
2, 5, 61
Let l(p) = 4*p**2 - 19*p - 23. List the prime factors of l(-10).
3, 7
Suppose 91 = 5*c + 721. Let a be 5/(3/c*-1). What are the prime factors of a/(-25)*(-10)/4?
3, 7
Let m(f) = -f**2 - 2*f - 34. Let j be m(0). Let s = j + 68. What are the prime factors of s?
2, 17
Let i = -2522 - -5257. List the prime factors of i.
5, 547
Let m(k) = -k + 5. Let r be 4/(-18) + 616/99. Let b be m(r). List the prime factors of -1 + -2 - 6*b.
3
Suppose 4*a - a = 12. Suppose -a*j = 11 - 35. List the prime factors of j.
2, 3
Let d = -62 - -84. Suppose 4*g + 8 = 6*g - 3*c, 0 = -g - 3*c + 22. Suppose y - g = d. List the prime factors of y.
2
Let k(l) = 1825*l - 146. List the prime factors of k(1).
23, 73
Suppose -11*u = -8*u - 123. Let f = u - 38. List the prime factors of f.
3
Let n be 0 - (2*5)/2. Let h(t) = -t**2 + 38. Let y be h(-11). Let p = n - y. What are the prime factors of p?
2, 3, 13
Suppose -181 = -0*w - 3*w - b, 0 = -4*w - 3*b + 233. Suppose 2*v - v = 2*n - 129, n - w = -2*v. What are the prime factors of n?
2
Let f be 15/1*(-2)/6. Let l = f + 5. Suppose 2*q + 3*q = -d + 63, l = q - 5*d + 3. List the prime factors of q.
2, 3
Let b(v) = 1 - 1 - 1 + 11*v. What are the prime factors of b(1)?
2, 5
Let q = 55 + -53. Suppose 2*r + 3*r - 3*n - 251 = 0, -q*r + n + 100 = 0. List the prime factors of r.
7
List the prime factors of (-7)/(28/16)*73/(-2).
2, 73
Let z = 296 + 614. List the prime factors of z.
2, 5, 7, 13
What are the prime factors of 2/(-8) - (2 - (-6783)/(-12))?
563
Suppose b + 20 = -4*b, 0 = -4*c - 3*b + 948. What are the prime factors of c?
2, 3, 5
Let a(p) = p**2 + 8*p + 9. Let g(b) = -b**2 - 7*b - 8. Let c(r) = -3*a(r) - 4*g(r). List the prime factors of c(-13).
2, 61
Let g be 2 + -1*0/(-4). Suppose -4*h = 138 + g. Let y = h + 59. What are the prime factors of y?
2, 3
Let l(m) = -m. Let x be l(-6). Suppose -332 = -x*v + 16. List the prime factors of v.
2, 29
Let y(u) = -3*u. Let l be y(-1). Let g(p) = 4*p + 126. Let j be g(-23). Let s = j - l. What are the prime factors of s?
31
Let f = 434 + -234. What are the prime factors of f?
2, 5
Suppose 6 = -5*j + 111. Suppose 61 = b - j. What are the prime factors of b?
2, 41
Let p be ((-1772)/18 + (-4)/18)*-9. Suppose 0 = -y - 5*b + 222, 3*y - b - p = -y. List the prime factors of y.
2, 3, 37
Suppose -4*h - 2*q = -6868, 0*q + 4*q = 5*h - 8598. List the prime factors of h.
2, 859
Suppose 0 = 6*t - 1139 + 233. List the prime factors of t.
151
Suppose -5*h - 4*q - 53 = 0, -3*q = -h + 2*q - 28. Let d = h - -24. What are the prime factors of d?
11
Suppose 3 = -5*k - 7, 2*a + 5*k = -6. What are the prime factors of ((-5)/2 + a)/((-3)/270)?
3, 5
Suppose -3*l - 24 = 3*z, -z - 3 = 4*l + 17. Let p = z - -26. List the prime factors of p.
2, 11
Let q(b) = 4*b**2 + 4*b - 4. Let v be q(5). Suppose -2*l + 0*l + 2*o + v = 0, 0 = l - 2*o - 54. List the prime factors of l.
2, 31
Let z = -34 - -307. Let j = z - 99. Suppose 0 = 3*l + 33 - j. List the prime factors of l.
47
Let d = -1369 + 1640. List the prime factors of d.
271
Let n be 2/3 - 183/(-9). Suppose 2*z + 6 = 2, 0 = -4*v - 5*z - 14. List the prime factors of v/(-7) - (-333)/n.
2
Let b(x) = -2*x**3 + 3*x**2 - 3*x + 2. Let f be b(2). Let k = 17 + f. What are the prime factors of (k - -3)/4 + 40?
43
Let z(y) be the third derivative of y**6/120 + y**5/60 + y**4/24 + 173*y**3/6 + 31*y**2. What are the prime factors of z(0)?
173
Let q = -49 - -131. Let i be 1*-10*(-3 - -10). What are the prime factors of (q/10)/((-14)/i)?
41
Let f(z) = z**3 + 7*z**2 - 8*z - 21. List the prime factors of f(-7).
5, 7
Let i = 637 + -257. What are the prime factors of i?
2, 5, 19
Let m = 1773 - 732. What are the prime factors of m?
3, 347
Suppose 4*s - o = -204, -5*s - 4*o = -3*o + 264. Let z = s - -34. What are the prime factors of (-1 + 2)/((-6)/z)?
3
Let y(t) = t**3 - t**2 - 2*t + 561. What are the prime factors of y(0)?
3, 11, 17
Suppose 25 = 6*y - 11*y. What are the prime factors of (56*1/y)/((-26)/260)?
2, 7
Let n be 1 - 6/(6/(-2)). Suppose 3*k + 5*j + 13 = 0, n*j = -2*k - 4 - 3. Let v(t) = t**3 - 4*t**2 + 5*t + 3. What are the prime factors of v(k)?
23
Suppose g = 2*z - 44, g - 5*g + 2*z = 152. Let s = -20 - g. What are the prime factors of s?
2
Suppose 0 = p + 1 - 2. What are the prime factors of (-39)/(-6) + p/2?
7
Suppose -7*q + 7172 = -4980. What are the prime factors of q?
2, 7, 31
Suppose 2*k = -4*d + 2410, 6*k - 7*k + 3005 = 5*d. What are the prime factors of d?
2, 3, 5
Let c = 48 - 50. What are the prime factors of ((-812)/(-21))/(c/(-3))?
2, 29
Suppose -h = 5*d + 68, d = 3*h - 3*d + 166. Let u(c) = 43*c - 3. Let t be u(3). Let q = h + t. List the prime factors of q.
2, 17
Suppose 1 = w, 5*p - 4*w - 18 = -2*w. Suppose -25 = 3*y - p*d, 5*y - 2*d + 5*d + 3 = 0. What are the prime factors of 2/y*3 + 7?
5
Let d = 1680 + -1108. List the prime factors of d.
2, 11, 13
Suppose 3*v = -31 + 7. List the prime factors of 1 + 33 - (9 + v).
3, 11
Let v be ((-60)/33 - (-2)/(-11))*1. What are the prime factors of ((-84)/35)/(v/5)?
2, 3
Let a = 121 + -278. Let r = -109 - a. What are the prime factors of r?
2, 3
Let i be -13 + 5 + (-3 - -1). Let o = 3 - 4. List the prime factors of (-3 - o)*i/1.
2, 5
Let n(i) = 2*i**2 - 4*i + 6. Let j = 8 + -11. Let z(o) = 5*o**2 - 11*o + 18. Let w(d) = j*z(d) + 8*n(d). What are the prime factors of w(-6)?
2, 3
Let j = -146 + 144. Let z(o) = -34*o - 17. What are the prime factors of z(j)?
3, 17
Suppose -k + 807 = -0*k - 3*t, 3*k + t = 2451. Suppose 30*q - k = 26*q. List the prime factors of q.
2, 3, 17
Suppose -3*q + 6*q = 1545. What are the prime factors of q?
5, 103
Let c(z) = z**2 + z + 3. Let j be c(-3). Suppose 4*l - 11 = j. Suppose 2*h - h - 32 = -k, 0 = h - l. What are the prime factors of k?
3
Let t(x) = 89*x**2 + x. What are the prime factors of t(2)?
2, 179
Suppose 15 = -0*a - 5*a. List the prime factors of a*21*-1*1.
3, 7
Let p be 4 + (-2 - -1)*21. Let r = -7 - p. Suppose -y + 35 + r = 0. List the prime factors of y.
3, 5
Let c(z) = -2 + 14 - z + 0. Let r be c(10). Suppose 3*q + h = -2*q + 155, -124 = -4*q - r*h. What are the prime factors of q?
31
Suppose k + 4*d - 1166 = 0, k + 163 - 1337 = -2*d. List the prime factors of k.
2, 3, 197
Let v = 15 + -13. List the prime factors of v/(-2) + 9 + 63.
71
Let l = 126 - 42. Let y = 46 - l. List the prime factors of y/(-3) - (-4)/12.
13
Suppose -6*c + 465 = -1461. List the prime factors of c.
3, 107
Let g be (12/7)/((-24)/(-84)). Suppose 23*c - g*c = 170. What are the prime factors of c?
2, 5
Let h(u) = -u**3 - 28*u**2 - 26*u - 20. Let s(o) = -o**3 - 28*o**2 - 25*o - 21. Let v(w) = 4*h(w) - 3*s(w). What are the prime factors of v(-27)?
37
Let s = 1811 - 884. List the prime factors of s.
3, 103
Let j = 17 - 13. Suppose -j*o - 10 = 22. Let g = o + 21. What are the prime factors of g?
13
Suppose -4*o + 2*o + 4 = 0, 0 = c - 3*o - 44. What are the prime factors of c?
2, 5
What are the prime factors of ((-4)/(-26) + 550/650)*637?
7, 13
Let s(u) = -2*u**2 - 107*u + 68. What are the prime factors of s(-30)?
2, 739
Let v = 367 + 258. What are the prime factors of v?
5
Let j be 30/(-9) - 10/(-30). Let w(y) = -47*y - 13. List the prime factors of w(j).
2
Let b(i) = -20 - 8*i - 22 + 55 + 6*i**2 - 14. List the prime factors of b(6).
167
Let t = -45 + 47. Suppose -4*n = t*z - 236, 3*z - 5*z + 5*n = -209. What are the prime factors of z?
2, 7
Let o(y) = y**2 - 22*y + 106. What are the prime factors of o(20)?
2, 3, 11
Let z be (-50)/15*1*(-12)/10. What are the prime factors of (-198)/27*(-54)/z?
3, 11
Suppose -4*y + 6*y + 4*w - 34 = 0, 0 = 2*w - 6. Suppose -f + 53 = k, 2*k - 114 = -4*f + 6*f. What are the prime factors of 10/k - (-383)/y?
5, 7
What are the prime fact